ed by 14?
11
What is the remainder when 131 is divided by 19?
17
What is the remainder when 48 is divided by 22?
4
Calculate the remainder when 285 is divided by 41.
39
Calculate the remainder when 5694 is divided by 17.
16
What is the remainder when 3626 is divided by 79?
71
What is the remainder when 1058 is divided by 59?
55
What is the remainder when 237 is divided by 54?
21
What is the remainder when 182 is divided by 17?
12
What is the remainder when 272 is divided by 75?
47
What is the remainder when 3109 is divided by 51?
49
Calculate the remainder when 6460 is divided by 405.
385
What is the remainder when 1102 is divided by 21?
10
What is the remainder when 675 is divided by 13?
12
Calculate the remainder when 85 is divided by 5.
0
What is the remainder when 1780 is divided by 289?
46
Calculate the remainder when 172 is divided by 31.
17
What is the remainder when 381 is divided by 45?
21
What is the remainder when 217 is divided by 98?
21
Calculate the remainder when 216 is divided by 77.
62
What is the remainder when 597 is divided by 26?
25
What is the remainder when 553 is divided by 310?
243
What is the remainder when 380 is divided by 186?
8
Calculate the remainder when 538 is divided by 11.
10
Calculate the remainder when 1760 is divided by 585.
5
What is the remainder when 65 is divided by 20?
5
Calculate the remainder when 163 is divided by 17.
10
What is the remainder when 18263 is divided by 6?
5
Calculate the remainder when 45 is divided by 6.
3
Calculate the remainder when 47 is divided by 16.
15
Calculate the remainder when 143 is divided by 73.
70
What is the remainder when 162 is divided by 41?
39
What is the remainder when 16 is divided by 7?
2
What is the remainder when 357 is divided by 58?
9
Calculate the remainder when 97 is divided by 33.
31
What is the remainder when 10 is divided by 6?
4
Calculate the remainder when 149 is divided by 146.
3
Calculate the remainder when 961 is divided by 112.
65
Calculate the remainder when 103 is divided by 56.
47
Calculate the remainder when 178 is divided by 6.
4
What is the remainder when 4473 is divided by 179?
177
What is the remainder when 114 is divided by 36?
6
Calculate the remainder when 167 is divided by 28.
27
What is the remainder when 21559 is divided by 490?
489
Calculate the remainder when 576 is divided by 4.
0
What is the remainder when 79 is divided by 23?
10
What is the remainder when 232 is divided by 5?
2
What is the remainder when 201 is divided by 14?
5
What is the remainder when 10262 is divided by 57?
2
What is the remainder when 280 is divided by 6?
4
Calculate the remainder when 412 is divided by 188.
36
Calculate the remainder when 269 is divided by 132.
5
What is the remainder when 256 is divided by 46?
26
Calculate the remainder when 597 is divided by 243.
111
Calculate the remainder when 2277 is divided by 152.
149
Calculate the remainder when 1719 is divided by 569.
12
Calculate the remainder when 89 is divided by 46.
43
What is the remainder when 800 is divided by 73?
70
What is the remainder when 1495 is divided by 14?
11
What is the remainder when 303 is divided by 77?
72
What is the remainder when 334 is divided by 153?
28
Calculate the remainder when 521 is divided by 135.
116
Calculate the remainder when 109 is divided by 43.
23
Calculate the remainder when 155 is divided by 23.
17
What is the remainder when 106 is divided by 25?
6
Calculate the remainder when 185 is divided by 3.
2
Calculate the remainder when 103 is divided by 38.
27
What is the remainder when 457 is divided by 218?
21
Calculate the remainder when 221 is divided by 217.
4
Calculate the remainder when 4595 is divided by 10.
5
Calculate the remainder when 21 is divided by 13.
8
What is the remainder when 494 is divided by 8?
6
What is the remainder when 3210 is divided by 63?
60
Calculate the remainder when 1022 is divided by 950.
72
Calculate the remainder when 13393 is divided by 19.
17
What is the remainder when 1461 is divided by 183?
180
Calculate the remainder when 1010 is divided by 22.
20
Calculate the remainder when 426 is divided by 43.
39
What is the remainder when 216 is divided by 51?
12
What is the remainder when 383 is divided by 331?
52
Calculate the remainder when 310 is divided by 154.
2
Calculate the remainder when 3015 is divided by 7.
5
Calculate the remainder when 199 is divided by 51.
46
Calculate the remainder when 251 is divided by 99.
53
What is the remainder when 3418 is divided by 16?
10
Calculate the remainder when 1650 is divided by 398.
58
Calculate the remainder when 639 is divided by 192.
63
Calculate the remainder when 132 is divided by 9.
6
What is the remainder when 88 is divided by 48?
40
Calculate the remainder when 456 is divided by 23.
19
Calculate the remainder when 1004 is divided by 100.
4
What is the remainder when 79 is divided by 14?
9
Calculate the remainder when 5859 is divided by 1942.
33
Calculate the remainder when 11516 is divided by 144.
140
Calculate the remainder when 508 is divided by 34.
32
What is the remainder when 232 is divided by 129?
103
What is the remainder when 117 is divided by 108?
9
Calculate the remainder when 77 is divided by 44.
33
What is the remainder when 130 is divided by 26?
0
Calculate the remainder when 284 is divided by 132.
20
What is the remainder when 687 is divided by 69?
66
What is the remainder when 25 is divided by 7?
4
Calculate the remainder when 160 is divided by 33.
28
What is the remainder when 6057 is divided by 12?
9
What is the remainder when 3501 is divided by 17?
16
What is the remainder when 311 is divided by 26?
25
What is the remainder when 412 is divided by 341?
71
What is the remainder when 2138 is divided by 534?
2
Calculate the remainder when 340 is divided by 7.
4
Calculate the remainder when 21097 is divided by 7.
6
What is the remainder when 196 is divided by 81?
34
Calculate the remainder when 15114 is divided by 30.
24
Calculate the remainder when 1703 is divided by 155.
153
Calculate the remainder when 108 is divided by 56.
52
What is the remainder when 451 is divided by 144?
19
Calculate the remainder when 429 is divided by 148.
133
What is the remainder when 27 is divided by 9?
0
What is the remainder when 205 is divided by 72?
61
What is the remainder when 148 is divided by 6?
4
What is the remainder when 208 is divided by 7?
5
Calculate the remainder when 76 is divided by 18.
4
Calculate the remainder when 917 is divided by 208.
85
What is the remainder when 662 is divided by 29?
24
Calculate the remainder when 214 is divided by 43.
42
Calculate the remainder when 197 is divided by 41.
33
What is the remainder when 516 is divided by 272?
244
What is the remainder when 4043 is divided by 15?
8
What is the remainder when 1886 is divided by 90?
86
Calculate the remainder when 2347 is divided by 261.
259
What is the remainder when 2128 is divided by 23?
12
What is the remainder when 399 is divided by 8?
7
What is the remainder when 511 is divided by 139?
94
What is the remainder when 3479 is divided by 89?
8
What is the remainder when 1283 is divided by 11?
7
What is the remainder when 35527 is divided by 19?
16
Calculate the remainder when 79 is divided by 15.
4
Calculate the remainder when 1292 is divided by 645.
2
What is the remainder when 91 is divided by 36?
19
What is the remainder when 23497 is divided by 235?
232
Calculate the remainder when 363 is divided by 360.
3
Calculate the remainder when 102 is divided by 5.
2
What is the remainder when 22 is divided by 14?
8
What is the remainder when 161 is divided by 63?
35
Calculate the remainder when 300 is divided by 188.
112
What is the remainder when 77517 is divided by 114?
111
What is the remainder when 165 is divided by 17?
12
What is the remainder when 13 is divided by 5?
3
What is the remainder when 1599 is divided by 160?
159
Calculate the remainder when 6885 is divided by 13.
8
What is the remainder when 710 is divided by 24?
14
What is the remainder when 224 is divided by 27?
8
What is the remainder when 2026 is divided by 12?
10
What is the remainder when 268 is divided by 135?
133
What is the remainder when 135 is divided by 36?
27
What is the remainder when 3958 is divided by 60?
58
What is 